e
Is 4596118889 prime?
True
Is 65383045087 a prime number?
True
Is 11298956783 a prime number?
False
Is 25518564107 a prime number?
True
Is 96892873967 a prime number?
False
Is 712252709 a prime number?
False
Is 5247718199 a prime number?
True
Is 64026404771 prime?
False
Is 16586110369 prime?
False
Is 10184513531 composite?
False
Is 16610769473 composite?
False
Is 703386493 a prime number?
False
Is 1256134643 a composite number?
True
Is 52309813397 a composite number?
False
Is 7716669229 a composite number?
True
Is 345391079 composite?
True
Is 32019943793 composite?
False
Is 10017208307 prime?
True
Is 1203412997 composite?
False
Is 9608587507 a composite number?
False
Is 590397685 a prime number?
False
Is 54541801 a prime number?
False
Is 69017135123 prime?
False
Is 836036087 a prime number?
True
Is 4962819413 a composite number?
False
Is 313222781 composite?
True
Is 176175808349 composite?
False
Is 10191435407 prime?
True
Is 15034967293 composite?
True
Is 2904139627 prime?
True
Is 5808159607 composite?
False
Is 6227250677 composite?
False
Is 205380569 a prime number?
True
Is 7797081701 composite?
False
Is 805117069 a prime number?
True
Is 642996407 a composite number?
False
Is 49172201297 a prime number?
True
Is 9490270913 a prime number?
True
Is 11483920115 a prime number?
False
Is 1171050469 prime?
True
Is 74485447607 a prime number?
True
Is 7458495977 a prime number?
False
Is 12318278801 composite?
False
Is 1049129453 prime?
True
Is 4771184597 a prime number?
True
Is 43610239 a prime number?
False
Is 1463398751 prime?
False
Is 27937651501 prime?
False
Is 30397858867 a composite number?
False
Is 5803298903 prime?
True
Is 29691662059 composite?
True
Is 3652443451 a composite number?
False
Is 8447803229 prime?
True
Is 16161587447 prime?
True
Is 6139432447 a prime number?
True
Is 178300297033 prime?
False
Is 10997007911 prime?
False
Is 314610986281 a composite number?
True
Is 2906955431 prime?
False
Is 9858395597 prime?
False
Is 1736665033 composite?
False
Is 4288420421 prime?
True
Is 7482849973 prime?
False
Is 10799212181 a composite number?
False
Is 14280267977 composite?
True
Is 23571428141 a composite number?
False
Is 732639043 composite?
False
Is 1830142247 a prime number?
True
Is 4193839313 a composite number?
True
Is 166829759 a composite number?
True
Is 26152790567 a composite number?
True
Is 30081537989 prime?
False
Is 11923318793 a prime number?
True
Is 83492753 prime?
True
Is 13396633799 a composite number?
False
Is 9023106131 a prime number?
False
Is 1575135785 a prime number?
False
Is 4755351583 a composite number?
True
Is 15903335218 composite?
True
Is 314397259 prime?
False
Is 1647363526 a composite number?
True
Is 2591807105 a prime number?
False
Is 17100613511 prime?
False
Is 31000427041 a prime number?
False
Is 232526545 prime?
False
Is 1030641137 prime?
False
Is 783699803 a composite number?
True
Is 55042258511 a prime number?
False
Is 267249106 composite?
True
Is 83515742317 a composite number?
True
Is 28142169673 composite?
True
Is 1027708379 composite?
True
Is 140276942123 prime?
True
Is 11501491327 a prime number?
False
Is 2416631221 a prime number?
False
Is 77866813 a prime number?
True
Is 387813637 a composite number?
True
Is 836020867 composite?
True
Is 297894283 composite?
True
Is 80234781587 a prime number?
True
Is 46626097079 a prime number?
False
Is 3342755126 prime?
False
Is 1640606753 a prime number?
True
Is 7564138091 a prime number?
True
Is 592917797 prime?
False
Is 101959567183 prime?
False
Is 2377953731 a composite number?
False
Is 1982818129 composite?
False
Is 628576973 composite?
True
Is 20469720569 prime?
True
Is 446008753 a composite number?
True
Is 1354620011 a prime number?
True
Is 1452558473 prime?
True
Is 7256385361 a prime number?
False
Is 175100784979 a prime number?
True
Is 7368641573 a prime number?
True
Is 1436169391 a composite number?
True
Is 33348788623 a prime number?
True
Is 6698683207 a prime number?
True
Is 42212334209 a composite number?
False
Is 360959957 prime?
True
Is 5896270049 composite?
True
Is 961566985 a prime number?
False
Is 335703337 composite?
False
Is 3157125767 composite?
True
Is 915286117 a composite number?
False
Is 5486977733 a prime number?
True
Is 12034964369 composite?
False
Is 71929168071 prime?
False
Is 51195772157 composite?
True
Is 7648925387 a composite number?
False
Is 974980679 prime?
True
Is 33243470423 a prime number?
False
Is 30788420677 a prime number?
False
Is 5363213783 a composite number?
False
Is 13541339503 prime?
False
Is 739762141 prime?
False
Is 928206241 a composite number?
False
Is 4534194061 composite?
False
Is 5246911379 prime?
True
Is 1525664653 a prime number?
False
Is 17720327381 prime?
True
Is 6455693591 prime?
False
Is 25401061039 composite?
True
Is 3951783169 a composite number?
True
Is 7455296587 prime?
False
Is 1186683469 a prime number?
True
Is 923940673 composite?
False
Is 8509082833 a prime number?
False
Is 242920296323 composite?
False
Is 76291914173 a composite number?
True
Is 1807688549 a composite number?
False
Is 1396028009 a composite number?
True
Is 977814809 a composite number?
False
Is 131010037 prime?
True
Is 1019657957 composite?
True
Is 4037776579 a prime number?
True
Is 2103994553 a composite number?
False
Is 2319305627 a composite number?
False
Is 32658961123 prime?
True
Is 1561411949 composite?
False
Is 1157859181 a prime number?
True
Is 8765087279 a prime number?
False
Is 8588148841 composite?
False
Is 2553741145 composite?
True
Is 835133317 composite?
False
Is 136907872327 prime?
True
Is 4600331849 composite?
False
Is 36083649071 a prime number?
True
Is 417981821 a prime number?
False
Is 99021587459 a prime number?
True
Is 9970643 prime?
False
Is 25027252291 a prime number?
True
Is 57568331 a composite number?
True
Is 8744408503 a composite number?
True
Is 38882287 composite?
False
Is 832785911 a composite number?
False
Is 5779433371 a composite number?
False
Is 9379166585 a composite number?
True
Is 17046156019 a prime number?
False
Is 2319132367 prime?
False
Is 179825207 a prime number?
False
Is 14458527857 a composite number?
False
Is 464935907 composite?
True
Is 467290463 a composite number?
False
Is 2064108083 prime?
True
Is 23046935321 a composite number?
False
Is 83982757 a composite number?
False
Is 2751178706 a prime number?
False
Is 1316495893 composite?
False
Is 9356093567 a composite number?
False
Is 100769547443 composite?
False
Is 34695724873 composite?
False
Is 9592414301 a prime number?
True
Is 122652139 a prime number?
True
Is 14275918747 a composite number?
False
Is 1479469889 a prime number?
True
Is 18505087181 a composite number?
True
Is 928831051 a composite number?
True
Is 15672056681 a prime number?
False
Is 20392744171 a composite number?
True
Is 670044839 composite?
True
Is 5386218241 a composite number?
True
Is 614576947 prime?
False
Is 61273341373 a composite number?
False
Is 39750549005 prime?
False
Is 1318216007 composite?
True
Is 3887700491 a prime number?
True
Is 212878251541 composite?
False
Is 10964108981 prime?
False
Is 2200839443 composite?
True
Is 889435949 composite?
False
Is 90337834133 a composite number?
True
Is 4861795849 composite?
False
Is 1695191339 a composite number?
False
Is 867588199 composite?
False
Is 32785954309 composite?
True
Is 745580959 composite?
True
Is 503445071 a prime number?
False
Is 42459258067 prime?
False
Is 5580450937 composite?
True
Is 1727427059 a composite number?
True
Is 65055079 a prime number?
True
Is 594412549 composite?
True
Is 1652368157 a composite number?
True
Is 60664651174 composite?
True
Is 21520030247 prime?
False
Is 192358897 a composite number?
False
Is 198069951869 prime?
True
Is 26243292477 a prime number?
False
Is 1635701777 prime?
False
Is 150227633 composite?
False
Is 8828773249 a composite number?
True
Is 30968449939 a composite number?
True
Is 10193250391 a prime number?
False
Is 13416678937 composite?
False
Is 1981261943 composite?
False
Is 33974043667 a composite number?
True
Is 1316449163 composite?
False
Is 7042322863 a composite number?
False
Is 23955194605 prime?
False
Is 6294848249 prime?
True
Is 434256233 prime?
True
Is 4095585709 prime?
True
Is 493779147 composite?
True
Is 11754359341 composite?
False
Is 557981069 c